-12520 - -245?
-12253
In base 16, what is -23c6 - 55?
-241b
In base 12, what is 1a120 + 18?
1a138
In base 10, what is 1354 + -71?
1283
In base 10, what is 220602 - 2?
220600
In base 9, what is -311123 + 1?
-311122
In base 15, what is 1cd1 + -99?
1c37
In base 13, what is -b2957 - 2?
-b2959
In base 4, what is 0 - 30213?
-30213
In base 12, what is 140a + -40?
138a
In base 14, what is 2b81 - 14?
2b6b
In base 10, what is 3654 - 1?
3653
In base 7, what is -101 + 53?
-15
In base 16, what is -4 + 2efe6?
2efe2
In base 6, what is -1010231 + 4?
-1010223
In base 13, what is -14 - 1a54?
-1a68
In base 11, what is -6584 + 50?
-6534
In base 15, what is 5 - e28?
-e23
In base 8, what is 14102 + 136?
14240
In base 16, what is -1b0d - -9?
-1b04
In base 9, what is 34512 + -4?
34507
In base 10, what is 96 - -574?
670
In base 10, what is 10 - 3926?
-3916
In base 10, what is 10 - -15905?
15915
In base 9, what is 204 + -171?
23
In base 3, what is 100112112002 + -2?
100112112000
In base 11, what is 1 - -2a5285?
2a5286
In base 5, what is 12410 + 2021?
14431
In base 13, what is 34547 - -11?
34558
In base 11, what is 630 + -2899?
-2269
In base 11, what is -22a3 - 61?
-2354
In base 11, what is 184 - -34?
208
In base 14, what is 214 - -24b?
461
In base 8, what is 17 - -42011?
42030
In base 7, what is 0 + 130316?
130316
In base 7, what is -120 - 16414?
-16534
In base 4, what is 1 + -21023003?
-21023002
In base 4, what is -32320113 + 2?
-32320111
In base 8, what is -3 + 54256?
54253
In base 14, what is -5a089 - -4?
-5a085
In base 2, what is 1000001 + 1100011?
10100100
In base 7, what is -35 - -422144?
422106
In base 10, what is -10149 - 188?
-10337
In base 15, what is -11 - -186e1?
186d0
In base 3, what is -102120220 - -1?
-102120212
In base 3, what is 110112202111 + 10?
110112202121
In base 7, what is 1401005 - 3?
1401002
In base 10, what is 74 + -224?
-150
In base 9, what is 120 + -1742?
-1622
In base 9, what is 31477 - 12?
31465
In base 3, what is -2120 + 2110211?
2101021
In base 7, what is 2014 - -124?
2141
In base 5, what is 12311 + -41014?
-23203
In base 10, what is -7 - -26836?
26829
In base 16, what is 23a36 + -1?
23a35
In base 10, what is -223 + 70?
-153
In base 10, what is 1 - -63235?
63236
In base 13, what is -7 - 12c9?
-1303
In base 2, what is 11010 - 1100001010100110?
-1100001010001100
In base 2, what is 1101000 - 10100110010110?
-10100100101110
In base 15, what is 5 + 76d8b?
76d91
In base 14, what is 2 - 10286?
-10284
In base 2, what is -1110010101000 - 1100110?
-1110100001110
In base 7, what is -242 - 24016?
-24261
In base 8, what is 11 - -5205?
5216
In base 15, what is -3108 + 3e?
-30b9
In base 11, what is 2 + 18395?
18397
In base 11, what is 3 - -3233?
3236
In base 5, what is -2030 + 1121201?
1114121
In base 7, what is 3026510 - -1?
3026511
In base 12, what is -4 - 293793?
-293797
In base 12, what is -125661 - -5?
-125658
In base 10, what is -14 + -656?
-670
In base 15, what is 3a7a - -e0?
3b6a
In base 15, what is -12a9 + 17?
-1292
In base 11, what is 942805 + -4?
942801
In base 3, what is -2 - 2110200210?
-2110200212
In base 13, what is -3 - -84a?
847
In base 6, what is 31011 - 124?
30443
In base 7, what is 1000 - 642?
25
In base 12, what is -9232 - 0?
-9232
In base 10, what is 18417 + -4?
18413
In base 6, what is -1040 + -2?
-1042
In base 10, what is -19 + -3576?
-3595
In base 2, what is 1001110010110110111000 + -10?
1001110010110110110110
In base 10, what is 24 + 10759?
10783
In base 12, what is 11639 + 1?
1163a
In base 9, what is 104 + 71802?
72006
In base 4, what is -131 - -202233?
202102
In base 10, what is 551088 + -7?
551081
In base 14, what is 4ca1d + -5?
4ca18
In base 7, what is -46 + -3041?
-3120
In base 14, what is 0 - -3cb?
3cb
In base 5, what is -20100 - -12?
-20033
In base 3, what is -1 + -2122000211?
-2122000212
In base 15, what is -2 + -42b65?
-42b67
In base 7, what is 1 - -21455?
21456
In base 8, what is 1421 - -4?
1425
In base 11, what is 24 + 396?
40a
In base 12, what is 2 - a9651?
-a964b
In base 10, what is 9 - -162?
171
In base 6, what is 11342521 + -3?
11342514
In base 14, what is 88 + 50b?
595
In base 4, what is 10 + -2032031?
-2032021
In base 13, what is -1 - -29b7?
29b6
In base 16, what is 10cf - -13e?
120d
In base 15, what is -3763 + -25?
-3788
In base 9, what is 866 + 46?
1023
In base 4, what is -2002233 - 10?
-2002303
In base 4, what is 100321021 - -23?
100321110
In base 5, what is 34121131 + -4?
34121122
In base 9, what is -4572 - -416?
-4155
In base 6, what is -1412 + -224?
-2040
In base 6, what is 1232 - -444?
2120
In base 4, what is 3301110211 - 3?
3301110202
In base 12, what is 94693 - -5?
94698
In base 6, what is -5 - -204034?
204025
In base 16, what is -5 + 6c22d?
6c228
In base 7, what is 520 - 45?
442
In base 3, what is -100020 + 210?
-22110
In base 7, what is -2 + 42103?
42101
In base 4, what is -1102120120 - 3?
-1102120123
In base 6, what is -3 - 122304?
-122311
In base 8, what is 54 - 46575?
-46521
In base 7, what is -5 - -1032424?
1032416
In base 12, what is 3 - 269?
-266
In base 13, what is 8383 + -3?
8380
In base 16, what is 5ab + 28?
5d3
In base 10, what is 335 + 287?
622
In base 11, what is 1266 - -475?
1730
In base 8, what is 343302 + -7?
343273
In base 13, what is -1a - 106?
-123
In base 16, what is 105 + -5?
100
In base 2, what is 101000010101 - 1010110?
100110111111
In base 5, what is 2 + -2322230?
-2322223
In base 14, what is -3 - 71755?
-71758
In base 8, what is -675 + 152?
-523
In base 16, what is -10 + 985?
975
In base 12, what is 14 + 476?
48a
In base 11, what is 5 - 1590?
-1586
In base 3, what is 12 - -212111101?
212111120
In base 12, what is 1 - 11721?
-11720
In base 9, what is -2 + 63633?
63631
In base 5, what is 44303 + 12?
44320
In base 15, what is 50 + ba?
11a
In base 2, what is 10 + -101111100100?
-101111100010
In base 15, what is 2 + -1c36?
-1c34
In base 9, what is -1 + 71653?
71652
In base 9, what is 703120 + -2?
703117
In base 4, what is 3 - -113130001?
113130010
In base 13, what is 3a946 + 2?
3a948
In base 10, what is 52338 + 9?
52347
In base 13, what is -1 + 5659c?
5659b
In base 8, what is -3 + 267?
264
In base 4, what is -11 - -2023330?
2023313
In base 6, what is -42 + 2125?
2043
In base 7, what is -53 + 2020?
1634
In base 5, what is 3004013 + 3?
3004021
In base 12, what is -109419 + 0?
-109419
In base 15, what is -3 + 347c3?
347c0
In base 10, what is 4 - 1329734?
-1329730
In base 3, what is -1 - -2021221112120?
2021221112112
In base 13, what is -436 - 164a?
-1a83
In base 11, what is -4 + 114a02?
1149a9
In base 5, what is -1204 - 20103?
-21312
In base 13, what is 7 + 1a2?
1a9
In base 14, what is -16c8 - -19?
-16ad
In base 11, what is 4093 - a?
4084
In base 12, what is -11a86 - 1?
-11a87
In base 5, what is -230 + 443304?
443024
In base 3, what is 1120011110 + -2?
1120011101
In base 6, what is -1 - 1435544?
-1435545
In base 13, what is -4419 - -14a?
-429c
In base 15, what is 1 - 7073?
-7072
In base 13, what is 76 - 595?
-51c
In base 8, what is -1632 - -121?
-1511
In base 2, what is -10101110000 + -100011?
-10110010011
In base 10, what is 117583 - -4?
117587
In base 4, what is 22230 + 320332?
1003222
In base 7, what is -554 + 40?
-514
In base 16, what is 173 + 0?
173
In base 15, what is -4 - -31b9?
31b5
In base 11, what is 45a2 - -1?
45a3
In base 10, what is 3 + 3140?
3143
In base 9, what is -33 - -131?
87
In base 15, what is 36793 + 5?
36798
In base 12, what is -2481 - -2?
-247b
In base 9, what is 1157 - 152?
1005
In base 15, what is a7 - 461?
-3a9
In base 10, what is -33 + -996?
-1029
In base 5, what is -1 - 244224203?
-244224204
In base 8, what is -150652 - 1?
-150653
In base 15, what is -951 - -48?
-908
In base 9, what is -100250 + -1?
-100251
In base 6, what is -5 + -2011222?
-2011231
In base 5, what is -11 - -241213?
241202
In base 4, what is -101330 + 20?
-101310
In base 5, what is 0 - 11443422?
-11443422
In base 14, what is 1064 - 23?
1041
In base 14, what is a9 - -17b?
246
In base 10, what is 1 + -228?
-227
In base 14, what is -3c6 - -150?
-276
In base 10, what is 21 - -1455?
1476
In base 4, what is 30 + -221331200?
-221331110
In base 9, what is 70612 - -4?
70616
In base 10, what is -2 + -19143?
-19145
In base 15, what is 2e8 - b1?
237
In base 8, what is -252 + 156?
-74
In base 10, 